alculate the remainder when 1867 is divided by 752.
363
Calculate the remainder when 52192 is divided by 127.
122
Calculate the remainder when 52504 is divided by 5250.
4
Calculate the remainder when 15359 is divided by 100.
59
Calculate the remainder when 24892 is divided by 83.
75
Calculate the remainder when 237846 is divided by 823.
822
Calculate the remainder when 205455 is divided by 67.
33
Calculate the remainder when 171096 is divided by 72.
24
What is the remainder when 173948 is divided by 96?
92
Calculate the remainder when 3883 is divided by 746.
153
What is the remainder when 2165 is divided by 514?
109
Calculate the remainder when 456021 is divided by 346.
339
What is the remainder when 139098 is divided by 121?
69
What is the remainder when 32041 is divided by 451?
20
Calculate the remainder when 10477 is divided by 69.
58
Calculate the remainder when 21237 is divided by 2123.
7
Calculate the remainder when 3410 is divided by 187.
44
Calculate the remainder when 136823 is divided by 105.
8
What is the remainder when 1956 is divided by 242?
20
What is the remainder when 1746 is divided by 852?
42
What is the remainder when 1834 is divided by 454?
18
What is the remainder when 96128 is divided by 64?
0
Calculate the remainder when 58867 is divided by 3.
1
Calculate the remainder when 5152 is divided by 1298.
1258
What is the remainder when 114389 is divided by 8165?
79
What is the remainder when 18131 is divided by 36?
23
What is the remainder when 4780 is divided by 374?
292
Calculate the remainder when 553 is divided by 482.
71
Calculate the remainder when 56616 is divided by 20.
16
Calculate the remainder when 1750649 is divided by 1061.
1060
What is the remainder when 59389 is divided by 29689?
11
Calculate the remainder when 2326 is divided by 814.
698
Calculate the remainder when 887741 is divided by 143.
140
What is the remainder when 12480 is divided by 1553?
56
What is the remainder when 32132 is divided by 8029?
16
Calculate the remainder when 25623 is divided by 38.
11
Calculate the remainder when 100556 is divided by 222.
212
What is the remainder when 2992 is divided by 198?
22
Calculate the remainder when 5625 is divided by 5.
0
Calculate the remainder when 114572 is divided by 44.
40
What is the remainder when 20875 is divided by 10401?
73
Calculate the remainder when 10590 is divided by 38.
26
Calculate the remainder when 5372 is divided by 40.
12
What is the remainder when 4000 is divided by 190?
10
Calculate the remainder when 484108 is divided by 1118.
14
Calculate the remainder when 2527860 is divided by 33.
27
Calculate the remainder when 15745 is divided by 341.
59
What is the remainder when 14896 is divided by 195?
76
What is the remainder when 1117 is divided by 341?
94
Calculate the remainder when 7879 is divided by 125.
4
What is the remainder when 8267 is divided by 18?
5
What is the remainder when 17311 is divided by 10?
1
Calculate the remainder when 74031 is divided by 86.
71
What is the remainder when 384124 is divided by 34920?
4
What is the remainder when 74626 is divided by 537?
520
What is the remainder when 2127 is divided by 1317?
810
What is the remainder when 120799 is divided by 187?
184
What is the remainder when 52678 is divided by 1145?
8
Calculate the remainder when 168205 is divided by 19.
17
What is the remainder when 1738 is divided by 1735?
3
What is the remainder when 221506 is divided by 54?
52
What is the remainder when 44602 is divided by 6?
4
Calculate the remainder when 1031475 is divided by 785.
770
What is the remainder when 1911 is divided by 84?
63
Calculate the remainder when 13794 is divided by 4594.
12
What is the remainder when 6069 is divided by 434?
427
Calculate the remainder when 25142 is divided by 254.
250
Calculate the remainder when 1763 is divided by 46.
15
Calculate the remainder when 6792966 is divided by 25.
16
What is the remainder when 1491 is divided by 304?
275
Calculate the remainder when 56977 is divided by 419.
412
What is the remainder when 27349 is divided by 516?
1
Calculate the remainder when 20274 is divided by 226.
160
Calculate the remainder when 1575 is divided by 1316.
259
What is the remainder when 7522 is divided by 315?
277
Calculate the remainder when 4142 is divided by 221.
164
Calculate the remainder when 2452 is divided by 653.
493
What is the remainder when 16894 is divided by 5622?
28
What is the remainder when 2638543 is divided by 1130?
1123
What is the remainder when 2257 is divided by 59?
15
Calculate the remainder when 66039 is divided by 13203.
24
Calculate the remainder when 48298 is divided by 350.
348
Calculate the remainder when 21362 is divided by 191.
161
What is the remainder when 62815 is divided by 31335?
145
Calculate the remainder when 5144 is divided by 286.
282
Calculate the remainder when 950768 is divided by 155.
153
What is the remainder when 26322 is divided by 2193?
6
Calculate the remainder when 22542 is divided by 4.
2
What is the remainder when 1004 is divided by 488?
28
Calculate the remainder when 29955 is divided by 405.
390
What is the remainder when 9063 is divided by 1228?
467
Calculate the remainder when 509000 is divided by 9.
5
What is the remainder when 7574 is divided by 3762?
50
What is the remainder when 2551 is divided by 646?
613
What is the remainder when 539740 is divided by 20?
0
Calculate the remainder when 103694 is divided by 25923.
2
What is the remainder when 8259 is divided by 345?
324
Calculate the remainder when 330134 is divided by 94.
6
What is the remainder when 14563 is divided by 175?
38
What is the remainder when 27256 is divided by 2322?
1714
What is the remainder when 11320 is divided by 13?
10
What is the remainder when 1383 is divided by 57?
15
What is the remainder when 128459 is divided by 124?
119
Calculate the remainder when 87379 is divided by 340.
339
What is the remainder when 56678 is divided by 6293?
41
What is the remainder when 75237 is divided by 15?
12
Calculate the remainder when 1309 is divided by 614.
81
Calculate the remainder when 2640 is divided by 42.
36
What is the remainder when 2983 is divided by 2846?
137
What is the remainder when 18755 is divided by 9366?
23
Calculate the remainder when 26457 is divided by 3306.
9
What is the remainder when 1450590 is divided by 115?
95
Calculate the remainder when 18395 is divided by 21.
20
Calculate the remainder when 1946176 is divided by 13.
11
Calculate the remainder when 10726 is divided by 10708.
18
Calculate the remainder when 5542 is divided by 1098.
52
Calculate the remainder when 18669 is divided by 297.
255
What is the remainder when 7829 is divided by 1174?
785
What is the remainder when 23754 is divided by 120?
114
What is the remainder when 245260 is divided by 122625?
10
Calculate the remainder when 82120 is divided by 125.
120
What is the remainder when 59239 is divided by 292?
255
What is the remainder when 10370 is divided by 20?
10
What is the remainder when 115507 is divided by 57749?
9
Calculate the remainder when 29597 is divided by 99.
95
Calculate the remainder when 1441 is divided by 485.
471
What is the remainder when 28168 is divided by 13?
10
What is the remainder when 34975 is divided by 127?
50
What is the remainder when 29401 is divided by 2441?
109
Calculate the remainder when 2863 is divided by 735.
658
What is the remainder when 3965 is divided by 1531?
903
What is the remainder when 25926 is divided by 328?
14
Calculate the remainder when 3684 is divided by 251.
170
Calculate the remainder when 1119441 is divided by 19.
18
Calculate the remainder when 1259 is divided by 113.
16
What is the remainder when 32656 is divided by 10?
6
Calculate the remainder when 1628 is divided by 164.
152
What is the remainder when 35948 is divided by 255?
248
Calculate the remainder when 340177 is divided by 1237.
2
Calculate the remainder when 46893 is divided by 262.
257
What is the remainder when 22930 is divided by 117?
115
Calculate the remainder when 1145 is divided by 8.
1
Calculate the remainder when 6472 is divided by 224.
200
What is the remainder when 50157 is divided by 226?
211
Calculate the remainder when 20457 is divided by 124.
121
What is the remainder when 18737 is divided 